 h?
9
Let i be (2 - 24)/((-4)/(-2)). What is the units digit of -3 - 0 - i - 1?
7
Suppose 4*p = -6 + 54. Let y be ((-24)/(-15))/((-1)/5) - -1. Let a = y + p. What is the units digit of a?
5
What is the tens digit of ((-4)/8 - -1 - 1)*-154?
7
Let r = 356 - 118. What is the hundreds digit of r?
2
Let z(j) = j**2 - 6*j + 4. Suppose x + 13 = 4*a, -x + 14 = 2*a + 3. Suppose x*l - 36 + 10 = 2*r, 3*r = -4*l + 12. What is the units digit of z(l)?
4
Suppose 8*q - 6*q = -2*h + 44, 4*q - 4*h = 56. What is the units digit of q?
8
Let p = 24 + -17. Let f(t) = -t**3 + 8*t**2 - 7*t + 5. Let w be f(p). What is the tens digit of 2/w*(21 + 4)?
1
Let l be 2 - 0/(0 + 2). Suppose t = 4*v + l*t - 15, -20 = 4*t. Suppose 5*y = -3*x - 0*y + 5, -x + v = y. What is the tens digit of x?
1
Let c = 60 - 18. What is the tens digit of c?
4
Suppose 0 = -5*o - 5*x - 10 + 80, -2*x = 5*o - 70. Let w(b) = -b - 10. Let r be w(0). Let f = o + r. What is the units digit of f?
4
Let c(q) = -5*q**3 - 2*q - 1. Suppose 0 = -5*p + z, 5*z + 6 + 19 = 0. What is the units digit of c(p)?
6
Let v be (-6)/(-27) - (-371)/(-9). Let a = v + 78. What is the units digit of a?
7
Let i(u) = u**3 - 27*u**2 - 29*u + 35. Let d be i(28). Suppose 34 + 10 = 4*g. Let s = g - d. What is the units digit of s?
4
Let n(x) = x**2 + 3*x - 6. Let b be n(-5). Suppose v = -3*d + 25, -v - b*d + 4 = -26. What is the tens digit of v?
1
Let d be (-1)/(1/(1/1)). Let y(j) = -3*j - 1. What is the units digit of y(d)?
2
Suppose 3*w - 8 = v, v + 1 + 1 = 0. Suppose -5*f + 61 = k, 0 = -f - 0*k - w*k + 5. What is the tens digit of f?
1
Let p(x) = 67*x + 4. What is the units digit of p(2)?
8
Let d(p) = p**2 + 1. Let h(t) = -5*t**2 + 3*t - 10. Let m(v) = -6*d(v) - h(v). Let u be m(-5). What is the units digit of 3/2 - 33/u?
7
Let z(p) be the first derivative of p**6/360 + p**5/20 + p**4/4 + 2*p**3/3 - 3. Let r(l) be the third derivative of z(l). What is the units digit of r(-7)?
3
Let v(u) = u + 2. Let g be v(0). Let d be g/(-7) - (-248)/(-14). Let s = d - -26. What is the units digit of s?
8
Let s = -30 - -229. What is the units digit of s?
9
What is the tens digit of 3/4 - 1 - 1403/(-92)?
1
Let k(a) be the third derivative of -a**6/120 - 7*a**5/60 - a**4/8 - 4*a**3/3 + 2*a**2. What is the tens digit of k(-7)?
1
Let d(b) = -b**3 + 3*b**2 + 4*b - 2. Let k be 125/45 + (-2)/(-9). What is the tens digit of d(k)?
1
Let c(o) = -7*o - 5. What is the tens digit of c(-4)?
2
Suppose -7*l + 2*f + 34 = -4*l, 5*l - 5*f - 60 = 0. Let w = l - 7. Let s(g) = 2*g**2 - 3. What is the tens digit of s(w)?
1
Suppose -a + 6*a + 20 = 0. Let b(g) = g**3 + 5*g**2 + g. Let z be b(a). Suppose 3*p = 3*o + z, -4*o - 16 = -3*p + o. What is the units digit of p?
2
Let r(g) = g**3 - 5*g**2 - 10*g - 10. Let o be r(8). Suppose -o = -4*z + 98. What is the units digit of z?
0
Let v(x) = 7*x**2 - 18. What is the units digit of v(-5)?
7
Let i(y) = y**3 - 7*y**2 + 6*y + 6. Let v be i(6). What is the units digit of 1*-3*(3 - v)?
9
Suppose -3*k + 154 = -32. Suppose -k = 2*j - o, 42 = -5*j - 4*o - 100. What is the tens digit of ((-108)/j)/((-6)/(-20))?
1
Let g = -1 + 2. Let k be (2 - g) + 1 + 3. Suppose 0 = 4*r + k*q + 1, -3*r - 2*q = -r. What is the units digit of r?
1
Let w(q) = q + 7. Let d = 5 + -5. What is the units digit of w(d)?
7
Let o be (2 - 3)*-2*1. Suppose o*b = -j + 8, 0 = -2*b - 0*b. What is the units digit of j?
8
Suppose -20 = -4*t + 16. Let x = t - 5. What is the units digit of x?
4
Let f = 8 - 9. What is the units digit of (-19 - -3)*(-2 - f)?
6
Let r(o) = -o**2 - 11*o - 4. What is the tens digit of r(-6)?
2
Let d = 885 + -588. What is the tens digit of d?
9
Let s be 17 - 3 - (0 + 2). Let w be (s/15)/(4/10). Suppose k = 2*k - w. What is the units digit of k?
2
Let g(t) = 27*t + 11. What is the tens digit of g(6)?
7
Let l = 8 + 157. What is the units digit of l?
5
Suppose -3*l = l - 148. Suppose 2*b - 7*b = -5, 0 = -y + 2*b + l. What is the units digit of y?
9
Suppose o + 5 = 2. Let w be (-2)/3 + 25/o. What is the units digit of (w/6 - -2)*6?
3
Let n(x) = -x**3 - 2*x**2 + x - 4. Let h be n(-3). Suppose h*t - 24 = -u, 6*t + 4*u - 31 = 3*t. What is the units digit of t?
3
What is the tens digit of ((-15)/(-4))/(6/16)?
1
Let c(p) = p**3 + 3*p**2 + p + 1. Let l be c(-2). Suppose -5*x - 4 = -y - 15, 3 = 5*x - l*y. What is the units digit of x?
3
Let z(x) be the third derivative of x**6/120 - x**5/20 - x**4/24 - x**3/6 + 2*x**2. What is the units digit of z(4)?
1
Let t(a) = a**3 - 5*a**2 + 5*a + 5. What is the units digit of t(6)?
1
Suppose 0 = 4*c + 2*c - 102. What is the units digit of c?
7
Suppose -g = -0*g + c - 13, 3*c = 15. Suppose -5*o - 45 = -5*r, -4*o - g = 2*r + r. What is the units digit of r + (-6)/(-3) + 0?
6
Let r = 17 + -15. Suppose -r*s + 16 = -10. What is the units digit of s?
3
Suppose 0 = -5*i + r + 14 + 114, 5*i = 4*r + 137. Suppose 3*g - i = -2*g. What is the units digit of g?
5
Let p(u) = 9*u - 3. Let x be p(-3). Let m = 6 - x. What is the tens digit of m?
3
Let x(j) be the second derivative of -j**3/6 + 5*j**2/2 - 4*j. What is the units digit of x(-6)?
1
Let q = 18 - 6. Suppose -2*o + 5*o - q = 0. Suppose 4*h = 4*k - 0*k + 20, 0 = h + o*k. What is the units digit of h?
4
Suppose 5*p - 4*g = 153, -123 = -4*p + g + 2*g. Let f = -18 + p. What is the tens digit of f?
1
Let s(u) = u - 2. Let f be s(2). Let a be f + (3 - 1)*1. What is the units digit of 28/(a/4*4)?
4
Suppose -2964 = -9*y - 4*y. What is the hundreds digit of y?
2
Suppose r = 4*d + 2524, -4*d + 9*d + 3144 = 4*r. What is the units digit of d/(-32) + (-2)/(-8)?
0
Let w(k) = -k**2 + 14. Let j be w(0). Let b = j - 7. What is the units digit of b?
7
Let b = -576 - -1010. What is the tens digit of b?
3
Let c = -11 - -16. Let j(n) = 2*n**2 - 7*n + 8. What is the units digit of j(c)?
3
Let m(z) = 5*z**3 + 4*z**2 + 14*z + 4. Let h(t) = 4*t**3 + 4*t**2 + 13*t + 4. Let y(x) = -6*h(x) + 5*m(x). What is the units digit of y(6)?
0
Let k(f) = 4*f**2 + 1. Let l be ((-1)/(-2) + 1)*2. Suppose -3*v + l*u - 5 = 4, 4*v = u. What is the units digit of k(v)?
5
Suppose -2*g = 2*g + 8. Let b be g + 3/9*3. What is the units digit of (-1 + 3 + b)*4?
4
Let t = 102 + -37. What is the units digit of t?
5
Suppose l - 3 - 4 = 0. Suppose p - 12 = -l. What is the units digit of p?
5
Let u be -2 - (-1 - (1 - -10)). Suppose g + 5*o - 2*o + u = 0, g - o - 6 = 0. What is the units digit of (-55)/(-25) - g/10?
2
Let b(z) = z**2 - 3. Let n(o) = o**3 - 6*o**2 + 5. Let w be n(6). What is the tens digit of b(w)?
2
Suppose 3*l - 2*l = 3. What is the tens digit of l/(-4) + (-75)/(-4)?
1
Suppose 3*s = -5*f + 59, -f - 4*s = 4*f - 62. What is the tens digit of f?
1
Let s(n) = 8*n**2 + 7*n + 6. What is the hundreds digit of s(5)?
2
Suppose -4*l - 4 - 3 = 3*h, 2*h = -2. Let x be -8*(-1 + l + 1). Let t = 12 - x. What is the units digit of t?
4
Suppose z + 38 = 3. Let p = z + 49. What is the units digit of p?
4
Let t be 4*-1*12/8. Let d(w) = -5*w - 8. Let z be d(t). Let n = -12 + z. What is the units digit of n?
0
Suppose 5*z + 3*l = 295 + 75, 193 = 3*z - 4*l. What is the tens digit of z?
7
Suppose -4117 = -18*y + 2129. What is the tens digit of y?
4
Suppose 0 = -2*l + 104 - 26. Suppose -v + 4*v = l. What is the tens digit of v?
1
Suppose -5*w + 4*d + 7 = -6, 0 = -3*w - 2*d - 1. Let m(g) = g - 2 + 6*g**3 + g**2 + 1 + 0*g. What is the units digit of m(w)?
7
Let f = 3 + 3. Let a be 9/f*2/(-3). What is the units digit of (-2 - (1 - -10))*a?
3
Suppose -7*y + 354 = -4*y. What is the hundreds digit of y?
1
Let f = -121 + 211. What is the units digit of f?
0
Suppose s + 3 = -5*q - 10, 4*s + 29 = 3*q. Let z be (-2)/s + (-34)/8. What is the units digit of ((-2)/z)/(9/162)?
9
Let g = -6 - -6. Let s be 2/(-6)*(-6 + g). Suppose 0 = -2*p - s*q + 6*q + 36, -5*p + 57 = q. What is the tens digit of p?
1
Let m be ((-2)/(-4) + -1)*-8. Let l(c) = 11 - c**3 + 0*c**3 - 7 + 4*c**2. What is the units digit of l(m)?
4
Let j be ((-21)/9)/(2/(-6)). Let q = -6 + j. What is the tens digit of 13*(-1)/(-1)*q?
1
Let c(v) = -82*v - 3. What is the tens digit of c(-1)?
7
Let j = -5 + 4. Let c be (6/(-18))/(j/15). Suppose 0 + c = w. What is the units digit of w?
5
Let s = -82 - -116. What is the tens digit of s?
3
Let i = 99 - 62. What is the units digit of i